{"id":31,"date":"2020-10-05T14:14:14","date_gmt":"2020-10-05T12:14:14","guid":{"rendered":"http:\/\/preauvin.com\/?page_id=31"},"modified":"2020-10-07T09:04:39","modified_gmt":"2020-10-07T07:04:39","slug":"nos-valeurs","status":"publish","type":"page","link":"https:\/\/preauvin.com\/index.php\/nos-valeurs\/","title":{"rendered":"Nos valeurs"},"content":{"rendered":"<div data-colibri-id=\"31-c1\" class=\"style-236 style-local-31-c1 position-relative\">\n  <!---->\n  <div data-colibri-component=\"section\" data-colibri-id=\"31-c2\" id=\"overlappable\" class=\"h-section h-section-global-spacing d-flex align-items-lg-center align-items-md-center align-items-center style-237 style-local-31-c2 position-relative\">\n    <!---->\n    <!---->\n    <div class=\"h-section-grid-container h-section-boxed-container\">\n      <!---->\n      <div data-colibri-id=\"31-c3\" class=\"h-row-container gutters-row-lg-0 gutters-row-md-0 gutters-row-2 gutters-row-v-lg-0 gutters-row-v-md-0 gutters-row-v-2 style-238 style-local-31-c3 position-relative\">\n        <!---->\n        <div class=\"h-row justify-content-lg-center justify-content-md-center justify-content-center align-items-lg-stretch align-items-md-stretch align-items-stretch gutters-col-lg-0 gutters-col-md-0 gutters-col-2 gutters-col-v-lg-0 gutters-col-v-md-0 gutters-col-v-2\">\n          <!---->\n          <div class=\"h-column h-column-container d-flex h-col-lg-6 h-col-md-6 h-col-12 style-239-outer style-local-31-c4-outer\">\n            <div data-colibri-id=\"31-c4\" class=\"d-flex h-flex-basis h-column__inner h-px-lg-3 h-px-md-3 h-px-2 v-inner-lg-3 v-inner-md-3 v-inner-2 style-239 style-local-31-c4 position-relative\">\n              <!---->\n              <!---->\n              <div class=\"w-100 h-y-container h-column__content h-column__v-align flex-basis-100 align-self-lg-center align-self-md-center align-self-center\">\n                <!---->\n                <div data-colibri-id=\"31-c5\" class=\"h-icon style-240 style-local-31-c5 position-relative h-element\">\n                  <!----><span class=\"h-svg-icon h-icon__icon style-240-icon style-local-31-c5-icon\"><!--Icon by Font Awesome (https:\/\/fontawesome.com)--><svg version=\"1.1\" xmlns=\"http:\/\/www.w3.org\/2000\/svg\" xmlns:xlink=\"http:\/\/www.w3.org\/1999\/xlink\" id=\"quora\" viewBox=\"0 0 1792 1896.0833\"><path d=\"M1255 787q0-318-105-474.5T820 156q-222 0-326 157T390 787q0 316 104 471.5T820 1414q74 0 131-17-22-43-39-73t-44-65-53.5-56.5-63-36T674 1152q-46 0-79 16l-49-97q105-91 276-91 132 0 215.5 54t150.5 155q67-149 67-402zm390 632h117q3 27-2 67t-26.5 95-58 100.5-107 78T1406 1792q-71 0-130.5-19t-105.5-56-79-78-66-96q-97 27-205 27-150 0-292.5-58t-253-158.5-178-249T29 787q0-170 67.5-319.5T275 217 528.5 58 820 0q121 0 238.5 36t217 106 176 164.5 119.5 219 43 261.5q0 190-80.5 347.5T1315 1399q47 70 93.5 106.5T1513 1542q61 0 94-37.5t38-85.5z\"><\/path><\/svg><\/span><\/div>\n                <div\n                  data-colibri-id=\"31-c6\" class=\"h-global-transition-all h-heading style-241 style-local-31-c6 position-relative h-element\">\n                  <!---->\n                  <div class=\"h-heading__outer style-241 style-local-31-c6\">\n                    <!---->\n                    <!---->\n                    <h6 class=\"\">Qualit\u00e9<\/h6>\n                  <\/div>\n              <\/div>\n              <div data-colibri-id=\"31-c7\" class=\"h-text h-text-component style-242 style-local-31-c7 position-relative h-element\">\n                <!---->\n                <!---->\n                <div class=\"\">\n                  <p>La qualit\u00e9 du vin et des services que nous proposons est au centre de nos pr\u00e9occupations.<\/p>\n                <\/div>\n              <\/div>\n            <\/div>\n          <\/div>\n        <\/div>\n        <div class=\"h-column h-column-container d-flex h-col-lg-6 h-col-md-6 h-col-12 style-239-outer style-local-31-c8-outer\">\n          <div data-colibri-id=\"31-c8\" class=\"d-flex h-flex-basis h-column__inner h-px-lg-3 h-px-md-3 h-px-2 v-inner-lg-3 v-inner-md-3 v-inner-2 style-239 style-local-31-c8 position-relative\">\n            <!---->\n            <!---->\n            <div class=\"w-100 h-y-container h-column__content h-column__v-align flex-basis-100 align-self-lg-center align-self-md-center align-self-center\">\n              <!---->\n              <div data-colibri-id=\"31-c9\" class=\"h-icon style-240 style-local-31-c9 position-relative h-element\">\n                <!----><span class=\"h-svg-icon h-icon__icon style-240-icon style-local-31-c9-icon\"><!--Icon by Font Awesome (https:\/\/fontawesome.com)--><svg version=\"1.1\" xmlns=\"http:\/\/www.w3.org\/2000\/svg\" xmlns:xlink=\"http:\/\/www.w3.org\/1999\/xlink\" id=\"thumbs-o-up\" viewBox=\"0 0 1536 1896.0833\"><path d=\"M256 1344q0-26-19-45t-45-19-45 19-19 45 19 45 45 19 45-19 19-45zm1152-576q0-51-39-89.5t-89-38.5H928q0-58 48-159.5t48-160.5q0-98-32-145t-128-47q-26 26-38 85t-30.5 125.5T736 448q-22 23-77 91-4 5-23 30t-31.5 41-34.5 42.5-40 44-38.5 35.5-40 27-35.5 9h-32v640h32q13 0 31.5 3t33 6.5 38 11 35 11.5 35.5 12.5 29 10.5q211 73 342 73h121q192 0 192-167 0-26-5-56 30-16 47.5-52.5t17.5-73.5-18-69q53-50 53-119 0-25-10-55.5t-25-47.5q32-1 53.5-47t21.5-81zm128-1q0 89-49 163 9 33 9 69 0 77-38 144 3 21 3 43 0 101-60 178 1 139-85 219.5t-227 80.5H960q-96 0-189.5-22.5T554 1576q-116-40-138-40H128q-53 0-90.5-37.5T0 1408V768q0-53 37.5-90.5T128 640h274q36-24 137-155 58-75 107-128 24-25 35.5-85.5T712 145t62-108q39-37 90-37 84 0 151 32.5T1117 134t35 186q0 93-48 192h176q104 0 180 76t76 179z\"><\/path><\/svg><\/span><\/div>\n              <div\n                data-colibri-id=\"31-c10\" class=\"h-global-transition-all h-heading style-241 style-local-31-c10 position-relative h-element\">\n                <!---->\n                <div class=\"h-heading__outer style-241 style-local-31-c10\">\n                  <!---->\n                  <!---->\n                  <h6 class=\"\">Professionnalisme<\/h6>\n                <\/div>\n            <\/div>\n            <div data-colibri-id=\"31-c11\" class=\"h-text h-text-component style-242 style-local-31-c11 position-relative h-element\">\n              <!---->\n              <!---->\n              <div class=\"\">\n                <p>Grace aux respects de nos engagements et \u00e0 notre connaissance du metier, nos clients nous font confiance.<\/p>\n              <\/div>\n            <\/div>\n          <\/div>\n        <\/div>\n      <\/div>\n      <div class=\"h-column h-column-container d-flex h-col-lg-6 h-col-md-6 h-col-12 style-239-outer style-local-31-c12-outer\">\n        <div data-colibri-id=\"31-c12\" class=\"d-flex h-flex-basis h-column__inner h-px-lg-3 h-px-md-3 h-px-2 v-inner-lg-3 v-inner-md-3 v-inner-2 style-239 style-local-31-c12 position-relative\">\n          <!---->\n          <!---->\n          <div class=\"w-100 h-y-container h-column__content h-column__v-align flex-basis-100 align-self-lg-center align-self-md-center align-self-center\">\n            <!---->\n            <div data-colibri-id=\"31-c13\" class=\"h-icon style-240 style-local-31-c13 position-relative h-element\">\n              <!----><span class=\"h-svg-icon h-icon__icon style-240-icon style-local-31-c13-icon\"><!--Icon by Font Awesome (https:\/\/fontawesome.com)--><svg version=\"1.1\" xmlns=\"http:\/\/www.w3.org\/2000\/svg\" xmlns:xlink=\"http:\/\/www.w3.org\/1999\/xlink\" id=\"user\" viewBox=\"0 0 1354.8114 1896.0833\"><path d=\"M1280 1399q0 109-62.5 187t-150.5 78H213q-88 0-150.5-78T0 1399q0-85 8.5-160.5t31.5-152 58.5-131 94-89T327 832q131 128 313 128t313-128q76 0 134.5 34.5t94 89 58.5 131 31.5 152 8.5 160.5zm-256-887q0 159-112.5 271.5T640 896 368.5 783.5 256 512t112.5-271.5T640 128t271.5 112.5T1024 512z\"><\/path><\/svg><\/span><\/div>\n            <div\n              data-colibri-id=\"31-c14\" class=\"h-global-transition-all h-heading style-241 style-local-31-c14 position-relative h-element\">\n              <!---->\n              <div class=\"h-heading__outer style-241 style-local-31-c14\">\n                <!---->\n                <!---->\n                <h6 class=\"\">Ecoute du client<\/h6>\n              <\/div>\n          <\/div>\n          <div data-colibri-id=\"31-c15\" class=\"h-text h-text-component style-242 style-local-31-c15 position-relative h-element\">\n            <!---->\n            <!---->\n            <div class=\"\">\n              <p>Nous \u00e9coutons, accompagnons et conseillons nos clients, depuis la d\u00e9finition du cahier des charges jusqu&#8217;\u00e0 la livraison.&nbsp;<\/p>\n            <\/div>\n          <\/div>\n        <\/div>\n      <\/div>\n    <\/div>\n  <\/div>\n<\/div>\n<\/div>\n<\/div>\n<\/div>","protected":false},"excerpt":{"rendered":"<p>Qualit\u00e9 La qualit\u00e9 du vin et des services que nous proposons est au centre de nos pr\u00e9occupations. Professionnalisme Grace aux respects de nos engagements et \u00e0 notre connaissance du metier, nos clients nous font confiance. Ecoute du client Nous \u00e9coutons, accompagnons et conseillons nos clients, depuis la d\u00e9finition du cahier des charges jusqu&#8217;\u00e0 la livraison.&nbsp;<\/p>\n","protected":false},"author":1,"featured_media":0,"parent":0,"menu_order":0,"comment_status":"closed","ping_status":"closed","template":"page-templates\/full-width-page.php","meta":[],"_links":{"self":[{"href":"https:\/\/preauvin.com\/index.php\/wp-json\/wp\/v2\/pages\/31"}],"collection":[{"href":"https:\/\/preauvin.com\/index.php\/wp-json\/wp\/v2\/pages"}],"about":[{"href":"https:\/\/preauvin.com\/index.php\/wp-json\/wp\/v2\/types\/page"}],"author":[{"embeddable":true,"href":"https:\/\/preauvin.com\/index.php\/wp-json\/wp\/v2\/users\/1"}],"replies":[{"embeddable":true,"href":"https:\/\/preauvin.com\/index.php\/wp-json\/wp\/v2\/comments?post=31"}],"version-history":[{"count":3,"href":"https:\/\/preauvin.com\/index.php\/wp-json\/wp\/v2\/pages\/31\/revisions"}],"predecessor-version":[{"id":189,"href":"https:\/\/preauvin.com\/index.php\/wp-json\/wp\/v2\/pages\/31\/revisions\/189"}],"wp:attachment":[{"href":"https:\/\/preauvin.com\/index.php\/wp-json\/wp\/v2\/media?parent=31"}],"curies":[{"name":"wp","href":"https:\/\/api.w.org\/{rel}","templated":true}]}}